{"id":517,"date":"2022-01-26T18:37:39","date_gmt":"2022-01-26T17:37:39","guid":{"rendered":"https:\/\/bypi.fr\/antre\/?page_id=517"},"modified":"2023-05-10T15:59:00","modified_gmt":"2023-05-10T13:59:00","slug":"mentions-legales","status":"publish","type":"page","link":"https:\/\/bypi.fr\/antre\/mentions-legales\/","title":{"rendered":"Mentions l\u00e9gales"},"content":{"rendered":"\t\t<div data-elementor-type=\"wp-page\" data-elementor-id=\"517\" class=\"elementor elementor-517\">\n\t\t\t\t\t\t\t\t\t<section class=\"elementor-section elementor-top-section elementor-element elementor-element-efc54f6 elementor-section-height-min-height elementor-section-items-top elementor-section-boxed elementor-section-height-default\" data-id=\"efc54f6\" data-element_type=\"section\">\n\t\t\t\t\t\t<div class=\"elementor-container elementor-column-gap-no\">\n\t\t\t\t\t<div class=\"elementor-column elementor-col-100 elementor-top-column elementor-element elementor-element-3c134d6\" data-id=\"3c134d6\" data-element_type=\"column\" data-settings=\"{&quot;background_background&quot;:&quot;classic&quot;}\">\n\t\t\t<div class=\"elementor-widget-wrap elementor-element-populated\">\n\t\t\t\t\t\t\t\t<div class=\"elementor-element elementor-element-d440960 elementor-widget elementor-widget-heading\" data-id=\"d440960\" data-element_type=\"widget\" data-widget_type=\"heading.default\">\n\t\t\t\t<div class=\"elementor-widget-container\">\n\t\t\t<style>\/*! elementor - v3.13.2 - 11-05-2023 *\/\n.elementor-heading-title{padding:0;margin:0;line-height:1}.elementor-widget-heading .elementor-heading-title[class*=elementor-size-]>a{color:inherit;font-size:inherit;line-height:inherit}.elementor-widget-heading .elementor-heading-title.elementor-size-small{font-size:15px}.elementor-widget-heading .elementor-heading-title.elementor-size-medium{font-size:19px}.elementor-widget-heading .elementor-heading-title.elementor-size-large{font-size:29px}.elementor-widget-heading .elementor-heading-title.elementor-size-xl{font-size:39px}.elementor-widget-heading .elementor-heading-title.elementor-size-xxl{font-size:59px}<\/style><h2 class=\"elementor-heading-title elementor-size-default\">Mentions l\u00e9gales<\/h2>\t\t<\/div>\n\t\t\t\t<\/div>\n\t\t\t\t<div class=\"elementor-element elementor-element-df9ae91 elementor-widget elementor-widget-heading\" data-id=\"df9ae91\" data-element_type=\"widget\" data-widget_type=\"heading.default\">\n\t\t\t\t<div class=\"elementor-widget-container\">\n\t\t\t<h3 class=\"elementor-heading-title elementor-size-default\">Le site lantre-coaching.com que vous consultez actuellement est la propri\u00e9t\u00e9 de la <b>SAS L'ANTRE<\/b><\/h3>\t\t<\/div>\n\t\t\t\t<\/div>\n\t\t\t\t<div class=\"elementor-element elementor-element-816a794 elementor-widget elementor-widget-text-editor\" data-id=\"816a794\" data-element_type=\"widget\" data-widget_type=\"text-editor.default\">\n\t\t\t\t<div class=\"elementor-widget-container\">\n\t\t\t<style>\/*! elementor - v3.13.2 - 11-05-2023 *\/\n.elementor-widget-text-editor.elementor-drop-cap-view-stacked .elementor-drop-cap{background-color:#69727d;color:#fff}.elementor-widget-text-editor.elementor-drop-cap-view-framed .elementor-drop-cap{color:#69727d;border:3px solid;background-color:transparent}.elementor-widget-text-editor:not(.elementor-drop-cap-view-default) .elementor-drop-cap{margin-top:8px}.elementor-widget-text-editor:not(.elementor-drop-cap-view-default) .elementor-drop-cap-letter{width:1em;height:1em}.elementor-widget-text-editor .elementor-drop-cap{float:left;text-align:center;line-height:1;font-size:50px}.elementor-widget-text-editor .elementor-drop-cap-letter{display:inline-block}<\/style>\t\t\t\t<p><strong>Si\u00e8ge social :<\/strong> 76 avenue Camille Pujol, 31500 Toulouse, France.<br \/><strong>N\u00b0 SIRET :<\/strong> 907 503 239 00010<br \/><strong>Directeur de la publication :<\/strong> M. Alexandre MOUNES<\/p><p><strong>Responsabilit\u00e9<\/strong><br \/>En tant qu\u2019utilisateur du site, il vous appartient de prendre toutes les mesures appropri\u00e9es pour prot\u00e9ger vos propres donn\u00e9es et\/ou logiciels de la contamination par d\u2019\u00e9ventuels virus circulant sur le r\u00e9seau Internet. L&rsquo;ANTRE ne pourra \u00eatre tenu responsable des inconv\u00e9nients ou dommages inh\u00e9rents \u00e0 l\u2019utilisation du r\u00e9seau Internet, notamment une rupture de service, une intrusion ext\u00e9rieure ou la pr\u00e9sence de virus informatiques.<\/p><p><strong>Traitement des donn\u00e9es personnelles<\/strong><br \/>Les informations que nous collectons proviennent de l\u2019enregistrement volontaire d\u2019une adresse email fournie par l\u2019utilisateur, lui permettant de recevoir des informations, de s\u2019informer sur n\u2019importe quel point. Ces informations ne sont jamais communiqu\u00e9es \u00e0 des tiers. Plus d&rsquo;informations en consultant notre <a href=\"https:\/\/bypi.fr\/antre\/politique-de-cookies-eu\/\">politique de cookies<\/a>.<\/p><p><strong>Droits d&rsquo;auteur<\/strong><br \/>L\u2019ensemble de ce site rel\u00e8ve de la l\u00e9gislation fran\u00e7aise et internationale sur le droit d\u2019auteur et la propri\u00e9t\u00e9 intellectuelle. Tous les droits de reproduction sont r\u00e9serv\u00e9s, y compris pour les documents iconographiques et photographiques.<\/p><p><strong>Cr\u00e9dits photos<\/strong><br \/>\u00a9L&rsquo;ANTRE \/ \u00a9<\/p><p><strong>Conception &amp; d\u00e9veloppement<\/strong><br \/>Agence Pi communication.<\/p><p><strong>H\u00e9bergement<\/strong><br \/>o2switch \u2013 222 Bd Gustave Flaubert, 63000 Clermont-Ferrand, France<\/p>\t\t\t\t\t\t<\/div>\n\t\t\t\t<\/div>\n\t\t\t\t\t<\/div>\n\t\t<\/div>\n\t\t\t\t\t\t\t<\/div>\n\t\t<\/section>\n\t\t\t\t<section class=\"elementor-section elementor-top-section elementor-element elementor-element-94dd18b elementor-section-boxed elementor-section-height-default elementor-section-height-default\" data-id=\"94dd18b\" data-element_type=\"section\" id=\"bg-video\" data-settings=\"{&quot;background_background&quot;:&quot;classic&quot;,&quot;sticky&quot;:&quot;top&quot;,&quot;sticky_on&quot;:[&quot;desktop&quot;,&quot;tablet&quot;,&quot;mobile&quot;],&quot;sticky_offset&quot;:0,&quot;sticky_effects_offset&quot;:0}\">\n\t\t\t\t\t\t\t<div class=\"elementor-background-overlay\"><\/div>\n\t\t\t\t\t\t\t<div class=\"elementor-container elementor-column-gap-no\">\n\t\t\t\t\t<div class=\"elementor-column elementor-col-100 elementor-top-column elementor-element elementor-element-b652009\" data-id=\"b652009\" data-element_type=\"column\" data-settings=\"{&quot;background_background&quot;:&quot;classic&quot;}\">\n\t\t\t<div class=\"elementor-widget-wrap elementor-element-populated\">\n\t\t\t\t\t\t\t\t<div class=\"elementor-element elementor-element-7b6c548 elementor-widget elementor-widget-spacer\" data-id=\"7b6c548\" data-element_type=\"widget\" data-widget_type=\"spacer.default\">\n\t\t\t\t<div class=\"elementor-widget-container\">\n\t\t\t<style>\/*! elementor - v3.13.2 - 11-05-2023 *\/\n.elementor-column .elementor-spacer-inner{height:var(--spacer-size)}.e-con{--container-widget-width:100%}.e-con-inner>.elementor-widget-spacer,.e-con>.elementor-widget-spacer{width:var(--container-widget-width,var(--spacer-size));--align-self:var(--container-widget-align-self,initial);--flex-shrink:0}.e-con-inner>.elementor-widget-spacer>.elementor-widget-container,.e-con-inner>.elementor-widget-spacer>.elementor-widget-container>.elementor-spacer,.e-con>.elementor-widget-spacer>.elementor-widget-container,.e-con>.elementor-widget-spacer>.elementor-widget-container>.elementor-spacer{height:100%}.e-con-inner>.elementor-widget-spacer>.elementor-widget-container>.elementor-spacer>.elementor-spacer-inner,.e-con>.elementor-widget-spacer>.elementor-widget-container>.elementor-spacer>.elementor-spacer-inner{height:var(--container-widget-height,var(--spacer-size))}<\/style>\t\t<div class=\"elementor-spacer\">\n\t\t\t<div class=\"elementor-spacer-inner\"><\/div>\n\t\t<\/div>\n\t\t\t\t<\/div>\n\t\t\t\t<\/div>\n\t\t\t\t\t<\/div>\n\t\t<\/div>\n\t\t\t\t\t\t\t<\/div>\n\t\t<\/section>\n\t\t\t\t\t\t\t<\/div>\n\t\t","protected":false},"excerpt":{"rendered":"<p>Mentions l\u00e9gales Le site lantre-coaching.com que vous consultez actuellement est la propri\u00e9t\u00e9 de la SAS L&rsquo;ANTRE Si\u00e8ge social : 76 avenue Camille Pujol, 31500 Toulouse, France.N\u00b0 SIRET : 907 503 239 00010Directeur de la publication : M. Alexandre MOUNES Responsabilit\u00e9En tant qu\u2019utilisateur du site, il vous appartient de prendre toutes les mesures appropri\u00e9es pour prot\u00e9ger &hellip;<\/p>\n<p class=\"read-more\"> <a class=\"\" href=\"https:\/\/bypi.fr\/antre\/mentions-legales\/\"> <span class=\"screen-reader-text\">Mentions l\u00e9gales<\/span> Lire la suite\u00a0\u00bb<\/a><\/p>\n","protected":false},"author":1,"featured_media":0,"parent":0,"menu_order":14,"comment_status":"closed","ping_status":"closed","template":"","meta":{"inline_featured_image":false,"site-sidebar-layout":"no-sidebar","site-content-layout":"page-builder","ast-global-header-display":"","ast-banner-title-visibility":"","ast-main-header-display":"","ast-hfb-above-header-display":"","ast-hfb-below-header-display":"","ast-hfb-mobile-header-display":"","site-post-title":"disabled","ast-breadcrumbs-content":"","ast-featured-img":"disabled","footer-sml-layout":"","theme-transparent-header-meta":"","adv-header-id-meta":"","stick-header-meta":"","header-above-stick-meta":"","header-main-stick-meta":"","header-below-stick-meta":"","footnotes":""},"class_list":["post-517","page","type-page","status-publish","hentry"],"acf":[],"yoast_head":"<!-- This site is optimized with the Yoast SEO plugin v20.7 - https:\/\/yoast.com\/wordpress\/plugins\/seo\/ -->\n<title>Mentions l\u00e9gales | L\u2019Antre<\/title>\n<meta name=\"robots\" content=\"index, follow, max-snippet:-1, max-image-preview:large, max-video-preview:-1\" \/>\n<link rel=\"canonical\" href=\"https:\/\/bypi.fr\/antre\/mentions-legales\/\" \/>\n<meta property=\"og:locale\" content=\"fr_FR\" \/>\n<meta property=\"og:type\" content=\"article\" \/>\n<meta property=\"og:title\" content=\"Mentions l\u00e9gales | L\u2019Antre\" \/>\n<meta property=\"og:description\" content=\"Mentions l\u00e9gales Le site lantre-coaching.com que vous consultez actuellement est la propri\u00e9t\u00e9 de la SAS L&rsquo;ANTRE Si\u00e8ge social : 76 avenue Camille Pujol, 31500 Toulouse, France.N\u00b0 SIRET : 907 503 239 00010Directeur de la publication : M. Alexandre MOUNES Responsabilit\u00e9En tant qu\u2019utilisateur du site, il vous appartient de prendre toutes les mesures appropri\u00e9es pour prot\u00e9ger &hellip; Mentions l\u00e9gales Lire la suite\u00a0\u00bb\" \/>\n<meta property=\"og:url\" content=\"https:\/\/bypi.fr\/antre\/mentions-legales\/\" \/>\n<meta property=\"og:site_name\" content=\"L\u2019Antre\" \/>\n<meta property=\"article:modified_time\" content=\"2023-05-10T13:59:00+00:00\" \/>\n<meta name=\"twitter:card\" content=\"summary_large_image\" \/>\n<meta name=\"twitter:label1\" content=\"Dur\u00e9e de lecture estim\u00e9e\" \/>\n\t<meta name=\"twitter:data1\" content=\"2 minutes\" \/>\n<script type=\"application\/ld+json\" class=\"yoast-schema-graph\">{\"@context\":\"https:\/\/schema.org\",\"@graph\":[{\"@type\":\"WebPage\",\"@id\":\"https:\/\/bypi.fr\/antre\/mentions-legales\/\",\"url\":\"https:\/\/bypi.fr\/antre\/mentions-legales\/\",\"name\":\"Mentions l\u00e9gales | L\u2019Antre\",\"isPartOf\":{\"@id\":\"https:\/\/bypi.fr\/antre\/#website\"},\"datePublished\":\"2022-01-26T17:37:39+00:00\",\"dateModified\":\"2023-05-10T13:59:00+00:00\",\"breadcrumb\":{\"@id\":\"https:\/\/bypi.fr\/antre\/mentions-legales\/#breadcrumb\"},\"inLanguage\":\"fr-FR\",\"potentialAction\":[{\"@type\":\"ReadAction\",\"target\":[\"https:\/\/bypi.fr\/antre\/mentions-legales\/\"]}]},{\"@type\":\"BreadcrumbList\",\"@id\":\"https:\/\/bypi.fr\/antre\/mentions-legales\/#breadcrumb\",\"itemListElement\":[{\"@type\":\"ListItem\",\"position\":1,\"name\":\"Accueil\",\"item\":\"https:\/\/bypi.fr\/antre\/\"},{\"@type\":\"ListItem\",\"position\":2,\"name\":\"Mentions l\u00e9gales\"}]},{\"@type\":\"WebSite\",\"@id\":\"https:\/\/bypi.fr\/antre\/#website\",\"url\":\"https:\/\/bypi.fr\/antre\/\",\"name\":\"L'Antre\",\"description\":\"Coaching Priv\u00e9\",\"publisher\":{\"@id\":\"https:\/\/bypi.fr\/antre\/#organization\"},\"potentialAction\":[{\"@type\":\"SearchAction\",\"target\":{\"@type\":\"EntryPoint\",\"urlTemplate\":\"https:\/\/bypi.fr\/antre\/?s={search_term_string}\"},\"query-input\":\"required name=search_term_string\"}],\"inLanguage\":\"fr-FR\"},{\"@type\":\"Organization\",\"@id\":\"https:\/\/bypi.fr\/antre\/#organization\",\"name\":\"L'Antre\",\"url\":\"https:\/\/bypi.fr\/antre\/\",\"logo\":{\"@type\":\"ImageObject\",\"inLanguage\":\"fr-FR\",\"@id\":\"https:\/\/bypi.fr\/antre\/#\/schema\/logo\/image\/\",\"url\":\"\",\"contentUrl\":\"\",\"caption\":\"L'Antre\"},\"image\":{\"@id\":\"https:\/\/bypi.fr\/antre\/#\/schema\/logo\/image\/\"},\"sameAs\":[\"https:\/\/www.instagram.com\/lantrecoaching\/\"]}]}<\/script>\n<!-- \/ Yoast SEO plugin. -->","yoast_head_json":{"title":"Mentions l\u00e9gales | L\u2019Antre","robots":{"index":"index","follow":"follow","max-snippet":"max-snippet:-1","max-image-preview":"max-image-preview:large","max-video-preview":"max-video-preview:-1"},"canonical":"https:\/\/bypi.fr\/antre\/mentions-legales\/","og_locale":"fr_FR","og_type":"article","og_title":"Mentions l\u00e9gales | L\u2019Antre","og_description":"Mentions l\u00e9gales Le site lantre-coaching.com que vous consultez actuellement est la propri\u00e9t\u00e9 de la SAS L&rsquo;ANTRE Si\u00e8ge social : 76 avenue Camille Pujol, 31500 Toulouse, France.N\u00b0 SIRET : 907 503 239 00010Directeur de la publication : M. Alexandre MOUNES Responsabilit\u00e9En tant qu\u2019utilisateur du site, il vous appartient de prendre toutes les mesures appropri\u00e9es pour prot\u00e9ger &hellip; Mentions l\u00e9gales Lire la suite\u00a0\u00bb","og_url":"https:\/\/bypi.fr\/antre\/mentions-legales\/","og_site_name":"L\u2019Antre","article_modified_time":"2023-05-10T13:59:00+00:00","twitter_card":"summary_large_image","twitter_misc":{"Dur\u00e9e de lecture estim\u00e9e":"2 minutes"},"schema":{"@context":"https:\/\/schema.org","@graph":[{"@type":"WebPage","@id":"https:\/\/bypi.fr\/antre\/mentions-legales\/","url":"https:\/\/bypi.fr\/antre\/mentions-legales\/","name":"Mentions l\u00e9gales | L\u2019Antre","isPartOf":{"@id":"https:\/\/bypi.fr\/antre\/#website"},"datePublished":"2022-01-26T17:37:39+00:00","dateModified":"2023-05-10T13:59:00+00:00","breadcrumb":{"@id":"https:\/\/bypi.fr\/antre\/mentions-legales\/#breadcrumb"},"inLanguage":"fr-FR","potentialAction":[{"@type":"ReadAction","target":["https:\/\/bypi.fr\/antre\/mentions-legales\/"]}]},{"@type":"BreadcrumbList","@id":"https:\/\/bypi.fr\/antre\/mentions-legales\/#breadcrumb","itemListElement":[{"@type":"ListItem","position":1,"name":"Accueil","item":"https:\/\/bypi.fr\/antre\/"},{"@type":"ListItem","position":2,"name":"Mentions l\u00e9gales"}]},{"@type":"WebSite","@id":"https:\/\/bypi.fr\/antre\/#website","url":"https:\/\/bypi.fr\/antre\/","name":"L'Antre","description":"Coaching Priv\u00e9","publisher":{"@id":"https:\/\/bypi.fr\/antre\/#organization"},"potentialAction":[{"@type":"SearchAction","target":{"@type":"EntryPoint","urlTemplate":"https:\/\/bypi.fr\/antre\/?s={search_term_string}"},"query-input":"required name=search_term_string"}],"inLanguage":"fr-FR"},{"@type":"Organization","@id":"https:\/\/bypi.fr\/antre\/#organization","name":"L'Antre","url":"https:\/\/bypi.fr\/antre\/","logo":{"@type":"ImageObject","inLanguage":"fr-FR","@id":"https:\/\/bypi.fr\/antre\/#\/schema\/logo\/image\/","url":"","contentUrl":"","caption":"L'Antre"},"image":{"@id":"https:\/\/bypi.fr\/antre\/#\/schema\/logo\/image\/"},"sameAs":["https:\/\/www.instagram.com\/lantrecoaching\/"]}]}},"_links":{"self":[{"href":"https:\/\/bypi.fr\/antre\/wp-json\/wp\/v2\/pages\/517","targetHints":{"allow":["GET"]}}],"collection":[{"href":"https:\/\/bypi.fr\/antre\/wp-json\/wp\/v2\/pages"}],"about":[{"href":"https:\/\/bypi.fr\/antre\/wp-json\/wp\/v2\/types\/page"}],"author":[{"embeddable":true,"href":"https:\/\/bypi.fr\/antre\/wp-json\/wp\/v2\/users\/1"}],"replies":[{"embeddable":true,"href":"https:\/\/bypi.fr\/antre\/wp-json\/wp\/v2\/comments?post=517"}],"version-history":[{"count":3,"href":"https:\/\/bypi.fr\/antre\/wp-json\/wp\/v2\/pages\/517\/revisions"}],"predecessor-version":[{"id":2801,"href":"https:\/\/bypi.fr\/antre\/wp-json\/wp\/v2\/pages\/517\/revisions\/2801"}],"wp:attachment":[{"href":"https:\/\/bypi.fr\/antre\/wp-json\/wp\/v2\/media?parent=517"}],"curies":[{"name":"wp","href":"https:\/\/api.w.org\/{rel}","templated":true}]}}